7 - -27) - 11?
2
-101 - -101 - (0 - 9) - -1
10
Evaluate 11 + (120 - 135) + 1 + 10 + -1.
6
Calculate (9 - -3 - 18) + -14.
-20
What is the value of (-29 - -35) + (0 - (-26 - 1))?
33
Calculate -1 - -5 - 17 - (9 + 11).
-33
4 + -3 - 12 - (389 + -387)
-13
What is 29 - (1 + -14 - (-436 + 410))?
16
What is (16 - -13) + -73 + 13?
-31
-5 + 6 + -9 + 11 + -1 + -6
-4
Calculate (-29 - -7) + 8 + (9 - 14).
-19
Calculate 12 - (20 + -21 - (-1 - -1)).
13
What is the value of -2 + -10 + -2 + 28 + -28?
-14
Evaluate 63 + -40 + 0 + -7 + (8 - -2).
26
What is the value of 212 - 199 - (10 + 1)?
2
Evaluate (0 - 1) + -3 + 10 + -1 - 21.
-16
Calculate 60 + 45 - 105 - (-2 + 4 - -5).
-7
What is (-2 - -6 - 4) + 8 + -6?
2
-1 - (-7 + 9 + -2)
-1
Calculate 2 + (8 + (3 - 7) - 21) - -1.
-14
Calculate -4 - ((1 - -1) + 1) - (5 - 4).
-8
What is 80 + -92 + (5 - 1)?
-8
What is the value of 11 + -25 - (2 - 34 - 1)?
19
What is -1100 - -1123 - (-1 - -21)?
3
What is the value of -1289 - -1304 - (1 - -14)?
0
Calculate (1 - (-1 - 0)) + (-23 - -6 - -15).
0
What is the value of 19 + -14 + -2 + (-9 - -7) + 8?
9
2 + 5 - (13 - 15 - -19)
-10
Calculate 11 + 5 + (-4 - 4) + 5.
13
Evaluate 3 + (-8 - 5) + 2.
-8
Calculate 2 + (2 + -8 - -12).
8
-25 - ((-15 - -11) + 3)
-24
What is 27 + -53 + 40 + (-2 - -4)?
16
What is (-5 - 26 - -11) + (35 - 18)?
-3
Calculate 8 + (-27 - -26) + (-2 - (2 - 3)).
6
2 + 18 + 6 + -58
-32
Calculate 20 + (-10 - 0 - -10) + 2.
22
Evaluate -8 + (-18 + 3 - (-12 - 0)).
-11
20 + -10 + -10 - (16 + -2 + 3)
-17
Evaluate 1 - (6 + (-2 - 0) - (72 + -58)).
11
What is the value of -5 - ((-12 - 0) + 142 + -115)?
-20
Evaluate -3 + (2 - 4 - (0 + 4)) + -6.
-15
What is (-4 - -12) + (4 - -5 - 5)?
12
What is the value of 11 - 0 - (10 - (6 - -1))?
8
What is -2 - -18 - (-11 + -19 + 11 - -29)?
6
What is the value of 3 + (-5 - 2) + -79 + 114?
31
What is the value of -39 + -1 + 74 + 9 + -76?
-33
What is -24 - (-18 + -25) - -2?
21
Evaluate (24 - 19) + 2 + -2 + 5.
10
What is -3 + 1 + (-5 - (-10 + 9 - -7))?
-13
Evaluate (-9 - 1) + (-37 + 32 - 1) - 10.
-26
8 + 4 + 3 + -2 + (1 - 5)
9
Evaluate (-40 - -9) + 15 - 3.
-19
What is 2 - 1 - 5 - (1 + -4 + -12)?
11
What is the value of -7 + (21 + -3 - (-5 + 14))?
2
What is the value of 10 + -29 + 10 - 4?
-13
Evaluate 1 + -6 + (-94 - -110).
11
Evaluate (1 - 2) + 22 + -25 + 24 - -8.
28
Calculate 33 - 21 - (-6 + (-4 + 0 - -7)).
15
What is the value of 11 - -2 - (-14 - -22) - (-1 - -6)?
0
What is the value of -2 + 1 + 8 + -16 + -1?
-10
What is 0 + (14 - 27) + 3?
-10
Evaluate (21 - -2) + 356 + -359.
20
22 + (-23 + 8 + 8 - (-11 - -12))
14
Evaluate (-3 + -2 - -7) + -2 - (-7 + 1).
6
-2 - (-11 + (-3 - (11 - 13))) - 12
-2
What is 25 + -35 - (15 + -34)?
9
What is (-5 - 14) + 3 - -18?
2
Calculate -7 - -4 - -4 - 4 - -2.
-1
Evaluate 16 + -16 + 1 - -22.
23
Calculate 5 + -15 - (-2 + -7 + 16 + -6).
-11
What is the value of 11 + -2 + 8 + -15 + -10 + 17?
9
Calculate 9 + 10 + -21 + 4 + 1.
3
Evaluate -34 + -4 - (71 + -103).
-6
(-9 - (7 - 5) - -1) + (55 - 8)
37
-16 + 27 + (-14 - -2)
-1
What is the value of 30 + -24 + -8 + 2 + 1?
1
-7 + (30 - 14) - 13
-4
Evaluate -17 - (-20 - -4) - -17.
16
-7 + (-37 - -17 - 5)
-32
What is -2 + 21 + (1 + 5 - 14 - -1)?
12
What is the value of 3 + (27 + -35 - ((2 - 6) + -3))?
2
Evaluate (0 - (3 + -4) - 4 - 0) + 5.
2
What is the value of 1 + (12 - 0) - -9?
22
What is (3 - (17 + 16)) + 37?
7
(-75 - -59) + -6 + (8 - 5)
-19
Calculate (6 - -9) + -17 + -15.
-17
What is 25 + 28 + -14 + -33?
6
What is (-10 - -5 - -33 - 10) + 17?
35
-1 + 2 + (7 - (-14 + 7 + 21))
-6
8 + -5 + -18 + 10 + 13
8
Evaluate -16 - ((25 - 25) + 0).
-16
Calculate 11 + (-39 - (21 + -43)).
-6
What is (11 - -1) + (-24 - (2 + -37))?
23
(-28 + 37 - 39) + (1 - 3 - -7)
-25
(3 - 21) + (-13 - (6 + -19))
-18
Calculate 14 - (-2 - (-11 - -5 - 2)).
8
(-4 - 1) + (-37 - (19 - 48))
-13
Calculate (-18 - -4) + 20 + -8 - (5 - 1).
-6
What is the value of -29 + (17 + -10 - (0 + -2))?
-20
What is (-18 - (28 + -39)) + (2 - (11 - 3))?
-13
-4 + (15 - 3) + (-16 - -5)
-3
Calculate -2 + (-4 - (4 - 13)) + -17.
-14
Calculate (-4 - 12) + -4 + 11 - -18.
9
What is the value of -8 + (-8 - -3) + 14?
1
Calculate -10 + 1 + 3 + 5 + -66 + 32.
-35
What is the value of 6 - 0 - (186 + -177 + (1 - 20))?
16
What is the value of 5 + (18 - 12) + -6 + 0 + -1?
4
Evaluate -3 - 4 - 9 - -5.
-11
What is the value of 14 - -1 - (-8 + 31) - 2?
-10
What is the value of 14 + 14 + -2 + (-19 - -7)?
14
Evaluate -9 - (-8 + 8 + -7 + 7).
-9
Calculate (7 + -28 - -27) + 8.
14
(-15 - -17) + (7 - 21)
-12
6 - (-97 - -104 - (-1 + -4))
-6
What is the value of -1 - 2 - (-16 + 15) - (-4 + -1)?
3
Evaluate -57 + -33 + 57 + 13.
-20
What is the value of 0 - 5 - (-561 - -549)?
7
Calculate -87 + 68 - (0 - 38).
19
What is -59 - -71 - (1 + 5) - (10 - 0)?
-4
Evaluate (24 - 1) + -14 + (32 + 0 - 17).
24
What is the value of 13 + (-10 - -26) - 17?
12
Calculate -6 + 6 + 14 - (10 - (6 + -1)).
9
Calculate 0 + -1 + (-13 - -20) + -3 + -9.
-6
6 + (-7 - (-7 + 4) - -8)
10
What is -16 + 43 - -15 - (-1 + 13)?
30
Evaluate -3 - ((-6 - -2) + 6 - 5 - -2).
-2
2 - -11 - 24 - (11 + 1)
-23
Evaluate 7 - ((0 - (2 + -6)) + 5 - 6).
4
Evaluate 10 + 2 + (-4 - 21).
-13
Evaluate 158 - 183 - (8 - -1 - -1).
-35
Evaluate -4 - (9 - (13 + -5 - -7)).
2
What is the value of 6 - (-9 + -3 + (-9 - -18))?
9
-4 + (10 - 3) - -3
6
(-1 - 0) + (2 - -2) + (16 - 24)
-5
What is the value of (1 - -4) + -32 + 33 + -6 + 2?
2
6 + (-7 - (-3 - 4 - -6)) + -1
-1
What is (-3 - 7) + (16 - 20)?
-14
What is -3 + (-16 - -25) + -6?
0
(66 - 17) + -23 - 16
10
Evaluate 2 - (6 - 12 - -13 - -1).
-6
-6 + -1 + -34 + 55
14
0 - 2 - -12 - (17 + 15)
-22
(24 - 16 - -6 - 9) + (-2 - 0)
3
What is the value of (2 - (2 - -5)) + -12 + 20?
3
What is 140 + -130 + (-15 - (0 + -2))?
-3
Evaluate -11 + 14 - (1 - -1 - -6).
-5
What is the value of -22 + (21 - 50) + 30?
-21
What is -62 - -57 - (-5 + 0) - (8 + 2)?
-10
What is the value of (124 - 123) + (-3 - -4 - 3)?
-1
0 + (2 - (3 - -2) - (-7 - -2))
2
What is -8 - (1 - (-5 - 3)) - -3?
-14
What is -26 - (6 + -20 + 1 + 9)?
-22
Evaluate 1 - (-6 - (13 + -6 + -4)).
10
What is (-14 - -2 - (-1 + 2)) + 1?
-12
Evaluate -6 + 6 + -10 + -1 + (-15 - -13).
-13
What is 14 + (2 - 23) - -16?
9
Calculate 23 - (17 + -20 + 33).
-7
3 + 2 + -1 + -498 + 501
7
What is the value of -8 + (6 - (0 - 6)) + 4?
8
What is the value of 11 + -12 + (21 - 5)?
15
Evaluate -18 + 5 - -9 - -3 - 11.
-12
Evaluate 31 + -24 + -36 - -9.
-20
What is the value of (-37 - (19 - 47)) + 1 + -18?
-26
5 - (-2 + -1) - (-9 + 11 + -8)
14
Evaluate -10 - ((-9 - 27) + 26).
0
Calculate -2 + 0 - -6 - (10 - (-15 - 1)).
-22
Evaluate (-151 - -153) + (0 - -1 - 5).
-2
Evaluate -12 - (-36 - (9 - 22)).
11
What is 1 - (22 + -15) - -25?
19
What is 14 + 3 + -1 + -6 - (5 - 8)?
13
Evaluate 23 - (4 + 16 + (-10 - 0)).
13
(-1 - (2 - 39)) + (1196 - 1204)
28
Calculate (-6 - (-17 + 12)) + (3 - (-5 + 4)).
3
Evaluate -35 - (1 - (17 + (-11 - -8))).
-22
What is 6 + 3 + (-9 - 1)?
-1
What is the value of 5 + -3 - (-13 - (-4 + -5))?
6
What is -127 + 125 - (-1 - (1 + -4 - 2))?
-6
Evaluate -8 + -3 + 11 - (4 + -3 + 6).
-7
What is the value of (-13 + 13 - 3) + 3 + 1 - -4?
5
-5 + (-22 - -21 - ((-6 - -2) + -17))
15
Evaluate -11 + (0 - -12) + 135 + -137.
-1
Evaluate 2 + 0 + (1 - (25 + 2)).
-24
(52 - 61) + (8 - 0)
-1
(20 + -42 - -15) + (1 - 7)
-13
What is -17 + 5 + (0 - 5) + 8?
-9
15 + (-2 - (-12 - -18))
7
What is 3 - 24 - -12 - (-13 - 0)?
4
What is -1 + 17 - 6 - 3?
7
Evaluate -8 + 2 - (124 - 144).
14
Calculate 19 - -3 - (5 - 1 - -5).
13
-10 - -53 - (-8 + (-2 - -21))
32
Evaluate 18 + (-6 + 12 - 12).
12
What is 11 + 10 + -12 - -5?
14
What is 11 + 2 + (-4 - (5 + -13 + 6))?
11
Evaluate (-34 - (4 - 70)) + -8 + 0.
24
What is 23 - 4 - -3 - ((-2 - -31) + -23)?
16
What is (-3 - (1 + -1)) + (-16 - -15 - -3)?
-1
(-1 - 16) + 2 + 9 + (0 - 1)
-7
What is the value of (-6 - (-13 + 1)) + 4 + -5?
5
Evaluate 20 - 1 - (77 + -39 + -31).
12
17 + -10 + -16 + 43 - 12
22
Calculate (12 - 18) + -3 + 48 + 2.
41
What is the value of -300 + 326 + (1 - 16)?
11
What is 1 + 20 + 26 + -34 + (1 - -4)?
18
What is the value of 18 + (-36 - (-15 + -15))?
12
11 + -13 + -2 + (2 - 3)
-5
What is -10 - ((10 - 18) + 9)?
-11
Calculate -32 + 64 - 17 - 3.
12
What is the value of 22 + -5 - (2 - 4)?
19
What is the value of (13 - 42) + (-8 - -3) + 11?
-